 factor of 1316 and 318358824?
1316
Calculate the greatest common factor of 155382 and 2407058.
2726
Calculate the greatest common divisor of 506 and 19274.
46
Calculate the greatest common divisor of 1774295 and 124655.
1165
What is the highest common factor of 2212096 and 8896?
64
What is the highest common factor of 9775486 and 54?
2
What is the greatest common factor of 353665288 and 40?
8
Calculate the highest common factor of 661 and 206101783.
661
What is the highest common factor of 32047 and 194399?
73
What is the greatest common divisor of 346 and 44846963?
173
Calculate the highest common factor of 648 and 1009824.
24
Calculate the highest common factor of 6 and 2211730.
2
Calculate the highest common factor of 85562759 and 62.
31
Calculate the highest common factor of 2266 and 5853100.
22
What is the greatest common factor of 10964419 and 4469?
109
Calculate the greatest common divisor of 1975205999 and 26.
13
Calculate the greatest common factor of 38147052 and 2696.
1348
What is the highest common divisor of 6017396 and 42434?
98
Calculate the highest common factor of 42594 and 13228872.
1374
What is the greatest common divisor of 89827660 and 102?
34
Calculate the highest common divisor of 1527952 and 1780.
356
Calculate the greatest common divisor of 2782572 and 7332.
156
What is the greatest common factor of 654660 and 6480?
180
What is the greatest common divisor of 10 and 204111070?
10
What is the greatest common factor of 651 and 2410467?
93
Calculate the greatest common factor of 702783549 and 468.
117
Calculate the greatest common factor of 54 and 31457691.
9
What is the greatest common factor of 38740 and 78010440?
2980
What is the greatest common factor of 280 and 44360?
40
What is the highest common divisor of 33791 and 19?
1
What is the highest common factor of 344 and 28279208?
344
What is the greatest common factor of 244824596 and 30737?
4391
What is the highest common factor of 628112 and 87616?
592
What is the greatest common divisor of 4000 and 228576?
32
Calculate the highest common divisor of 2382579 and 24.
3
Calculate the highest common divisor of 54 and 67015458.
54
Calculate the greatest common divisor of 490 and 13670755.
245
What is the greatest common factor of 1207220 and 54480?
20
Calculate the highest common divisor of 30 and 3625458.
6
Calculate the greatest common factor of 2183 and 97686477.
59
Calculate the highest common factor of 8520 and 3802476.
852
Calculate the highest common divisor of 532 and 789655447.
133
What is the greatest common divisor of 828714 and 1073859?
177
Calculate the highest common factor of 867088 and 4672.
16
What is the highest common divisor of 39328 and 35296?
32
What is the highest common factor of 474 and 451342326?
474
What is the highest common factor of 4046 and 11521342?
238
Calculate the highest common divisor of 2717302 and 2086.
14
What is the greatest common divisor of 1685 and 600006932?
337
Calculate the greatest common divisor of 344805 and 7903365.
2715
What is the greatest common divisor of 562553 and 233483?
1567
Calculate the highest common factor of 2135 and 513407720.
2135
What is the greatest common factor of 162227 and 458815393?
12479
Calculate the highest common divisor of 900 and 59877045.
45
Calculate the greatest common divisor of 4662 and 9695850.
222
Calculate the highest common divisor of 84 and 42588036.
12
What is the greatest common factor of 918 and 284344992?
918
Calculate the greatest common divisor of 129802206 and 498.
498
Calculate the greatest common factor of 13301242 and 160599.
1139
Calculate the highest common divisor of 106 and 103612.
2
Calculate the greatest common factor of 7155 and 8596395.
135
What is the highest common divisor of 43950 and 37600?
50
Calculate the greatest common factor of 1651474 and 645964.
6094
Calculate the greatest common factor of 4896300 and 2670.
30
What is the greatest common factor of 18076916 and 340?
68
Calculate the greatest common factor of 264745080 and 153.
153
What is the greatest common factor of 1928 and 317600645?
241
Calculate the highest common factor of 5331844 and 54936.
3052
What is the highest common factor of 52 and 82485325?
13
What is the greatest common divisor of 13935440 and 37840?
3440
Calculate the greatest common divisor of 6594033 and 9.
3
What is the highest common factor of 22750 and 8957000?
3250
What is the highest common factor of 69088032 and 157248?
11232
Calculate the highest common divisor of 12942 and 4122.
18
Calculate the highest common factor of 106698326 and 28.
14
Calculate the greatest common divisor of 9045 and 68535.
45
Calculate the highest common divisor of 8769 and 1865958433.
2923
Calculate the greatest common factor of 4644172 and 124.
124
Calculate the greatest common factor of 485 and 9722795.
485
Calculate the greatest common divisor of 2601 and 15513588.
153
What is the highest common factor of 3977568419 and 11?
11
What is the greatest common factor of 19948920 and 120?
120
What is the highest common divisor of 7222250 and 280?
70
What is the greatest common factor of 8190 and 15746500?
70
Calculate the highest common factor of 326 and 185974198.
326
What is the highest common factor of 45 and 916461?
9
What is the greatest common factor of 840 and 56592984?
168
What is the highest common factor of 12199906 and 3?
1
Calculate the greatest common divisor of 7239865 and 35.
5
Calculate the highest common divisor of 965844 and 156.
12
Calculate the greatest common factor of 39775 and 12800.
25
Calculate the highest common factor of 2531485 and 2915.
55
What is the greatest common divisor of 42 and 9840453?
21
Calculate the greatest common divisor of 3617700 and 700.
100
Calculate the greatest common divisor of 1449981 and 2847.
39
What is the greatest common factor of 227867 and 30075043?
3401
What is the greatest common factor of 39130 and 2064430?
430
Calculate the highest common factor of 11224820 and 60059.
2071
What is the greatest common factor of 29511225 and 126?
9
Calculate the greatest common factor of 113693 and 46156939.
2419
Calculate the highest common divisor of 13102248 and 12036.
708
Calculate the greatest common factor of 426979020 and 156.
156
Calculate the greatest common divisor of 64448 and 19966796.
4028
Calculate the greatest common factor of 10437934 and 454350.
6058
Calculate the highest common divisor of 20454 and 49182.
42
Calculate the highest common factor of 1441 and 258791679.
131
What is the highest common divisor of 53784183 and 1131?
87
Calculate the greatest common factor of 15240167 and 10581.
3527
Calculate the greatest common factor of 2076 and 702.
6
What is the greatest common factor of 305831224 and 34?
34
Calculate the greatest common factor of 150268062 and 23.
23
What is the greatest common divisor of 1687525 and 325?
25
Calculate the highest common divisor of 952 and 15707160.
56
Calculate the greatest common factor of 7464352 and 64672.
1504
Calculate the greatest common divisor of 177079938 and 84.
42
What is the highest common divisor of 553446 and 1674?
54
What is the greatest common factor of 25550 and 2705234?
1022
Calculate the greatest common divisor of 7378 and 540392.
62
Calculate the highest common divisor of 35910304 and 3496.
152
Calculate the greatest common divisor of 8322 and 16618596.
438
Calculate the greatest common divisor of 139373232 and 216.
24
Calculate the greatest common factor of 81511 and 3057764.
2203
Calculate the highest common factor of 121572 and 2010236.
1228
Calculate the highest common factor of 453722 and 2645862.
5098
Calculate the greatest common factor of 281265 and 232733.
1103
Calculate the greatest common factor of 15212695 and 2540.
635
What is the highest common factor of 156087520 and 160?
160
What is the highest common factor of 11423636 and 37233?
1379
What is the highest common factor of 3946827 and 4805?
961
What is the highest common factor of 1038550 and 24575?
25
Calculate the greatest common factor of 38113305 and 60.
15
Calculate the highest common factor of 37184 and 38456224.
2656
Calculate the greatest common factor of 2332606 and 247830.
1502
What is the greatest common factor of 48326 and 353174?
146
What is the highest common divisor